8. What is the units digit of f?
4
Let o = -9726 - -15016. What is the hundreds digit of o?
2
Suppose -3*s = g - 11380, -2*g + 2178 + 1607 = s. What is the units digit of s?
5
Suppose 138 = -3*a + 9*a. What is the tens digit of a?
2
Suppose 6*q - 2*q = 16. Let u(i) = 385*i - 180*i - 194*i. What is the tens digit of u(q)?
4
Let i(z) = -194*z - 785. What is the tens digit of i(-14)?
3
Let x be (-13)/(-65) - 48/(-10). Suppose 0 = -3*o - x*f + 19, -7 + 3 = -2*f. Suppose -100 = -2*t + 5*s, o*s = 1 - 7. What is the tens digit of t?
4
Let s(a) be the third derivative of a**5/15 - a**4/4 - 7*a**3/6 + 5*a**2. Let n be s(-3). Suppose n + 9 = 2*w. What is the units digit of w?
8
Let s be (-2665)/(-15) + 0 + (-6)/9. Suppose 6*g + s = 543. What is the units digit of g?
1
Let q(a) = -2*a - 21. Let s be q(-13). Let b(j) = -14*j + 1. Let o be b(-6). Suppose -s*f - 2*p = -6*p - o, -20 = 4*p. What is the tens digit of f?
1
Let o(d) = 2*d + 21. Let p be o(-10). Let v(l) = -11*l**3 - l + 1. Let x be v(p). Let u(t) = t**3 + 12*t**2 + 12*t + 12. What is the units digit of u(x)?
1
Let q = 16 + -12. Let y = 7 + q. What is the units digit of y?
1
Let b = 0 - -2. Suppose -2*h - h + 122 = 5*y, h - 49 = -b*y. What is the tens digit of y?
2
What is the units digit of 200/(-6)*7/((-168)/180)?
0
Let r be (-8)/28 + (-200)/(-14). Let v = 31 - r. Suppose -d + v = 1. What is the units digit of d?
6
Let k(d) = -3*d - 1. Suppose 2*i - 18 = -0*i. Suppose 3 = c + i. What is the tens digit of k(c)?
1
Suppose -9*o - 54 = -7*o. What is the units digit of 2*4 - 81/o?
1
Let y(m) = 2*m**2 + m + 5. Let s(h) = h**3 + 13*h**2 - h + 15. Let q be s(-13). Let n = q - 31. What is the units digit of y(n)?
0
Let q(m) be the third derivative of -3/8*m**4 + 2*m**2 + 0*m + 0*m**3 + 0 + 1/60*m**5. What is the units digit of q(10)?
0
Let q(d) be the third derivative of 11*d**6/120 - d**5/15 - d**4/6 - d**3/3 - d**2. Let w be q(-2). What is the units digit of w/(-21) + (-4)/6?
4
Let u be 117/12 - 3/(-12). Let t = 6 + u. Let k = 11 + t. What is the units digit of k?
7
Let b = -4792 - -8950. What is the thousands digit of b?
4
Let y(u) = -u**3 + 6*u**2 + 18*u - 12. Let q be y(8). Suppose q*c + z - 186 = 0, -c + 136 = 2*c - z. What is the units digit of c?
6
Suppose 2*w + 8633 = 3*g, -w - 1811 = -4*g + 9698. What is the units digit of g?
7
Suppose 6921 + 2375 = -4*m. What is the units digit of m/(-35) - (-4)/(-10)?
6
Let f(x) = x**3 - 11*x**2 + 12*x - 6. Let d = 12 + -2. What is the tens digit of f(d)?
1
Let c be (4/(-7))/((-16)/(-56)). What is the units digit of (-2)/(-3)*(-42)/c?
4
Suppose 19*v + 2154 = 22*v + 3*r, r - 4 = 0. What is the units digit of v?
4
Let h(b) = 79*b - 17. What is the hundreds digit of h(7)?
5
Suppose 5 + 11 = 4*t, o = -4*t + 552. What is the units digit of o?
6
Let t(p) = -3*p - 27. Let a be t(-10). Let y(j) = 4*j**3 + j**2 - 4*j. What is the hundreds digit of y(a)?
1
Suppose x - 43 = 69. Let j = 21 + x. What is the tens digit of j?
3
Suppose -5*q + 3*g = -2*q - 495, -5*g + 165 = q. What is the tens digit of q?
6
Let r = 18 - 15. Let d = -1 + r. Suppose z - 15 = -d*z. What is the units digit of z?
5
Suppose -15 = -p - 39. Let g be ((-126)/p)/((-1)/(-8)). Let n = g - 3. What is the tens digit of n?
3
Let b be -3 + 6/((-12)/(-10)). Suppose -i + b*c = -0*i - 97, -2*i - c = -179. What is the tens digit of i?
9
Suppose 0 = 6*m - m + 10. What is the units digit of (3 - 2)*(3 - m)?
5
Let g = -111 - -174. Suppose -3*h - 215 = 5*j, -3*j - 62 - g = h. Let c = -17 - j. What is the tens digit of c?
2
Suppose 4*y - 5*c = 151 - 42, -2*c = -y + 28. Suppose -22*g + y*g = -52. What is the units digit of (-230)/(-26) + (-2)/g?
9
Let h = -4853 + 8454. What is the thousands digit of h?
3
Let j = 5 + -11. Let t be 74 + (-8)/(j - -4). Let x = t + -35. What is the tens digit of x?
4
Let c be 9/(45/10) - -3. Suppose -4*p - 8 = -c*x, 3*p + 4 = -4*x - 2. Suppose x = -2*a + a + 38. What is the tens digit of a?
3
Suppose -2*l - 4*s = -876, 2*l + 104 = -s + 968. What is the units digit of l?
0
Let k(c) = 2*c**2 - 4*c - 4. Let a(x) = -x + 2. Let s be a(6). What is the units digit of k(s)?
4
Let l(w) = -w. Let d(y) = 5*y + 1. Let c(s) = -d(s) - 6*l(s). Let a be c(5). Suppose a*x - 2*p = 204, -2*p + 167 = 3*x - 0*x. What is the tens digit of x?
5
Let l = -54 + 38. Let y = -4 - l. What is the units digit of y?
2
Let b be -2*29*(-2)/4. Let z = -23 - -60. Suppose 0 = 2*j - b - z. What is the tens digit of j?
3
Suppose -5*c = -7*c + 68. Let u = c + -2. Let h = -9 + u. What is the units digit of h?
3
Suppose 0 = u - 4*u - 3*b + 1128, -2*u + 3*b = -772. What is the hundreds digit of u?
3
Suppose 3*l = 9, -9*l + 14*l = -2*a + 1113. What is the units digit of a?
9
What is the thousands digit of -5 + 10 + -14 - -2260?
2
Let g(i) = 788*i - 43. What is the tens digit of g(2)?
3
Let v = 17 - 17. Let g be -2 + 23 + 4 + v. Suppose 3*k - 27 = -4*o, -5*k = 3*o - 31 - g. What is the tens digit of k?
1
What is the units digit of 141288/63 - (-6)/18?
3
Let n be 6/(3 - 6) + 1 + 3. What is the units digit of 1/(n - (-156)/(-80))?
0
What is the tens digit of 22*((-882)/(-12) - -2)?
6
Let t(p) = p**2 - 15*p - 17. Let c be t(16). What is the units digit of 3*(3/c + 14)?
3
What is the hundreds digit of (-4)/34 - (-7 - (-9392)/(-68))?
1
Suppose g + g = -v + 9, -2*v - 2*g + 12 = 0. Suppose -3*k = 2*r - 2*k - v, -3*k = -5*r - 9. Suppose -2*w = -r*w - 78. What is the tens digit of w?
3
What is the hundreds digit of ((-1384)/14 - -2)/(3/(-126))?
0
Suppose -2 = -3*w - q + 11, 4*w - q = 22. Suppose w*n + 10 = -20. Let g(v) = -v - 2. What is the units digit of g(n)?
4
Let c = -1433 + 2054. What is the hundreds digit of c?
6
Suppose 7*q = 3237 + 1082. What is the units digit of q?
7
Let x = -26 + 65. Suppose -x - 81 = -5*z. What is the units digit of z?
4
Let f(n) = -n**2 - 3*n - 2. Let o be f(-2). Suppose 4*p - 3*p + 23 = o. Let t = p + 51. What is the units digit of t?
8
Let b(s) = -s**2 + 12*s. Let f be b(12). Suppose -4*d = m - 0*d - 32, f = m + d - 20. What is the units digit of m?
6
Let y(p) = -p**2 - 11*p + 14. Let l be y(-13). Let n = -27 - -13. Let r = l - n. What is the units digit of r?
2
Suppose 4*p = -32 - 32. Let i(f) = 2*f + 34. Let c be i(p). Let h(a) = 8*a**3 + 2*a**2 - a + 1. What is the units digit of h(c)?
1
Suppose -5*n - 5*p = -2830, -4*n + 2*p + p = -2285. What is the tens digit of (-10)/35 - n/(-7)?
8
Let w(j) = j**3 - 3*j**2 + 6*j - 13. Let n be w(3). Suppose -4*u + 212 = 4*d, 2*d + n*u = -0*d + 91. What is the units digit of d?
8
Let t be 1/(-3) - (-186)/18. Let v = 4 - 2. Suppose 2*p + f - 32 = -v*f, 5*f = -t. What is the units digit of p?
9
Let p(i) = -6*i + 8. Let y be p(-6). Suppose -2*s + 17 = -v, 4*v + s + y = 12. Let x(w) = -w**2 - 8*w + 13. What is the units digit of x(v)?
4
What is the tens digit of 3/6 + (8695/10 - 0)?
7
Let j = 67 - -239. Suppose 3*x + 99 - j = 0. What is the tens digit of x?
6
Let p be (-1)/(12/(-8) - -2). What is the units digit of ((-5)/20*6)/(p/64)?
8
Let r(d) = -d + 1. Let p(f) = f**3 - f**2 - 7*f - 164. Let q(s) = -p(s) + 6*r(s). What is the tens digit of q(0)?
7
Let t(l) = l**2 + 11*l + 12. Let j(q) = q**2 + 23*q + 25. Let o(n) = -2*j(n) + 5*t(n). What is the units digit of o(-6)?
4
Suppose 20*s = -15*s + 25795. What is the units digit of s?
7
What is the hundreds digit of 19136/115 - 4/10?
1
Let s = 3454 + -1961. What is the hundreds digit of s?
4
Suppose -5*v - 364 = -1364. Suppose -9*w + 11*w = v. What is the units digit of w?
0
Suppose 12 = -2*l - 0*l. What is the tens digit of (60/(-50))/((-4)/((-880)/l))?
4
Suppose -826 = -m + 3*l + 2636, 4*m - 13903 = l. What is the units digit of m?
7
Let r be 3 + (-42)/15 - 558/15. Let z = 198 + r. What is the hundreds digit of z?
1
Let a = -7 - -10. Suppose -6*m - i = -11*m + 553, 5*i = -4*m + 425. Suppose 2*l - a*k = 65, -2*k = -3*l - l + m. What is the tens digit of l?
2
Suppose 2*j = 4*g + 6, -2*g + 9 = 3*j - 0*g. Suppose 3*q - 91 = i, 2*q - 72 = -j*i + 7. What is the tens digit of q?
3
Suppose -h - 4*y + 34 = 0, -6 = h - 4*y - 0*y. Suppose -653 = -h*l + 467. What is the units digit of l?
0
Suppose 0 = -w + 894 - 266. What is the units digit of w?
8
Let b(f) = 5*f - 6 - 2*f**2 + 3*f**2 + 11. Let d(p) = p**3 + 2*p**2 + p - 2. Let j be